2, what is 101001 - -10?
101011
In base 9, what is 62 + -2?
60
In base 6, what is 5 - 320?
-311
In base 3, what is 110 - -2111?
2221
In base 11, what is 3a0 - -17?
407
In base 4, what is -30220 - -30?
-30130
In base 14, what is -6 - 36?
-3c
In base 7, what is 1611 + 2?
1613
In base 16, what is 7 + 26?
2d
In base 11, what is 3 + -1463?
-1460
In base 3, what is -2201222 + -20?
-2202012
In base 14, what is 235 + -28?
20b
In base 13, what is -17 - 11b?
-135
In base 11, what is 13 + 6?
19
In base 2, what is 11 + -1000000011011?
-1000000011000
In base 4, what is 120 + -11?
103
In base 6, what is 32 - -11?
43
In base 3, what is 10 - -11220?
12000
In base 6, what is -124 - 1?
-125
In base 7, what is 122 + 3?
125
In base 11, what is 5 + 98?
a2
In base 5, what is -342340 - -4?
-342331
In base 6, what is 1 - -25?
30
In base 3, what is 2 + -12201020?
-12201011
In base 2, what is 0 + -11110?
-11110
In base 15, what is 21 + a?
2b
In base 8, what is -11 + 3?
-6
In base 2, what is 1100 - -101110111?
110000011
In base 11, what is 11 + -55?
-44
In base 5, what is 143 - -243?
441
In base 7, what is -5 - -2350?
2342
In base 8, what is -5 + -10?
-15
In base 15, what is 5 - 1a?
-15
In base 2, what is 1010010 - 1001?
1001001
In base 7, what is 11 - -33?
44
In base 13, what is 4 - 1c?
-18
In base 9, what is -8 - -38?
30
In base 12, what is -85 + 50?
-35
In base 12, what is -45a - -1?
-459
In base 6, what is 152 - -1?
153
In base 4, what is 213 - 0?
213
In base 15, what is -3 + -a9?
-ac
In base 3, what is -2 + -102201?
-102210
In base 13, what is -1 + 1273?
1272
In base 4, what is 10113 + 3?
10122
In base 10, what is -2 + -129?
-131
In base 8, what is 4 + 615?
621
In base 5, what is 1 - 242?
-241
In base 15, what is 1 - -26?
27
In base 10, what is 358 - 1?
357
In base 8, what is 5 + 636?
643
In base 16, what is -9b - -4?
-97
In base 11, what is -5744 + -3?
-5747
In base 16, what is 6 - 1ac?
-1a6
In base 11, what is -3 + -40?
-43
In base 5, what is -32 - 11?
-43
In base 2, what is -11000101 - -101?
-11000000
In base 13, what is 371 - -1?
372
In base 11, what is 135a - -3?
1362
In base 11, what is 3 + 6?
9
In base 15, what is -ca4a - 2?
-ca4c
In base 16, what is 16 + 19?
2f
In base 10, what is 783 + 1?
784
In base 10, what is -1 - 116?
-117
In base 2, what is -101 + 1001110?
1001001
In base 7, what is -64 + -2?
-66
In base 10, what is 2 - 0?
2
In base 9, what is -128 + -33?
-162
In base 16, what is -344 + -6?
-34a
In base 4, what is -23 + -2000?
-2023
In base 8, what is -7 - -3?
-4
In base 10, what is 174 + 0?
174
In base 6, what is -5 + 1453?
1444
In base 5, what is -320 - -43?
-222
In base 4, what is -211321 + 2?
-211313
In base 5, what is -1300204 - -1?
-1300203
In base 8, what is -12 - 7?
-21
In base 3, what is 11 + -1212?
-1201
In base 14, what is 33c - 0?
33c
In base 3, what is -21 + 11?
-10
In base 7, what is 15214 - 2?
15212
In base 13, what is -4 - 30?
-34
In base 11, what is -50 + 2?
-49
In base 10, what is 2405 + 5?
2410
In base 10, what is -43 - 5?
-48
In base 15, what is 41 - -2?
43
In base 5, what is -421 - 121?
-1042
In base 8, what is 20 - 1?
17
In base 8, what is -2 - -1652?
1650
In base 8, what is 4 + 106?
112
In base 14, what is 5 - 179?
-174
In base 3, what is 12012220 + -12?
12012201
In base 11, what is 5 + 219?
223
In base 10, what is 1573 + 5?
1578
In base 11, what is -14 - -131?
118
In base 9, what is 25 - 10?
15
In base 12, what is 5 + 64?
69
In base 12, what is 9 - -a?
17
In base 11, what is 8 + 2a?
37
In base 2, what is 100100 + 101?
101001
In base 7, what is 1622 + 2?
1624
In base 3, what is 12 - 1211?
-1122
In base 16, what is -4 + 15a?
156
In base 16, what is 2122 + -4?
211e
In base 7, what is 5 + -111?
-103
In base 4, what is -300 + -1?
-301
In base 3, what is -21000002 + -11?
-21000020
In base 12, what is 4 - a?
-6
In base 11, what is -56 + -3?
-59
In base 7, what is -2 - 462?
-464
In base 3, what is 11120 - -1011?
12201
In base 15, what is 5 + -19d?
-198
In base 12, what is -3 - -124?
121
In base 10, what is 10 + -68?
-58
In base 8, what is -1 - 214?
-215
In base 14, what is 8 + 18?
22
In base 6, what is 4 - 251?
-243
In base 14, what is 16 + 7d?
95
In base 16, what is 1c - -83?
9f
In base 16, what is 39 - -d?
46
In base 13, what is -393 + -5?
-398
In base 15, what is d - -4?
12
In base 9, what is 15 - 185?
-170
In base 13, what is 3 + 10c?
112
In base 13, what is 1a - 1?
19
In base 3, what is -1221 + 212201?
210210
In base 14, what is -5 - -458?
453
In base 16, what is -de - 4?
-e2
In base 8, what is -4 + 67?
63
In base 8, what is 0 - -272?
272
In base 5, what is -320 + 1?
-314
In base 15, what is -6 - d1?
-d7
In base 14, what is -1 + -2d?
-30
In base 3, what is 2 + 11012?
11021
In base 6, what is 305 - 1?
304
In base 14, what is 17dd - 2?
17db
In base 16, what is -2 - 3cf?
-3d1
In base 2, what is 10001000110 + 1?
10001000111
In base 5, what is 2230 + 4?
2234
In base 12, what is 361 - -b?
370
In base 9, what is 13280 - -2?
13282
In base 13, what is 34a + -5?
345
In base 8, what is 14 + -51?
-35
In base 4, what is 230021 - -11?
230032
In base 8, what is 176 + -4?
172
In base 4, what is 33 - 11?
22
In base 15, what is be + 15?
d4
In base 13, what is -5 - 16c?
-174
In base 4, what is 330 - 10?
320
In base 7, what is -42 - -21?
-21
In base 10, what is -2524 - -3?
-2521
In base 4, what is -20 + 31?
11
In base 6, what is -223 + -14?
-241
In base 4, what is -2 + 32?
30
In base 16, what is d - 42a?
-41d
In base 11, what is 5 + 31?
36
In base 16, what is -1 + 11?
10
In base 13, what is 8 - -51b?
526
In base 6, what is -5 - -13?
4
In base 4, what is -220 - -1221?
1001
In base 3, what is -1 + 12?
11
In base 6, what is -4013 - -20?
-3553
In base 14, what is 8652 - 0?
8652
In base 11, what is -7 + 43?
37
In base 5, what is 324121 + 3?
324124
In base 3, what is -1210 + 11?
-1122
In base 14, what is 5155 + -4?
5151
In base 7, what is 213 + -5?
205
In base 15, what is 38 + 56?
8e
In base 11, what is -1 + -91?
-92
In base 5, what is 2 - 1114?
-1112
In base 2, what is -111 - -101010100?
101001101
In base 16, what is 1049 - -4?
104d
In base 16, what is -2 - 15?
-17
In base 9, what is -1530 + 5?
-1524
In base 12, what is -17 - 15b?
-176
In base 16, what is -1 - -9?
8
In base 8, what is -30 + 52?
22
In base 4, what is -1203 + -10?
-1213
In base 15, what is 1 - -4a1?
4a2
In base 9, what is 5 + 2701?
2706
In base 5, what is -1 + 31?
30
In base 11, what is -aa + 9?
-a1
In base 13, what is -4 + 28?
24
In base 7, what is 226 - 1?
225
In base 3, what is -1 + -1211221?
-1211222
In base 13, what is 3 - -71?
74
In base 2, what is 11111011 - -100011?
100011110
In base 11, what is -43 - 5?
-48
In base 2, what is 11101101011 - 100?
11101100111
In base 4, what is 3100 + -1?
3033
In base 7, what is -110 + 3?
-104
In base 12, what is 197 + 0?
197
In base 5, what is -1011 + 0?
-1011
In base 5, what is -12210 + -10?
-12220
In base 5, what is 10 - -23333?
23343
In base 3, what is 22120 - -1221?
101111
In base 11, what is 12 - 57?
-45
In base 7, what is -3 - -3156?
3153
In base 14, what is 934 + 5?
939
In base 13, what is -1 - 42?
-43
In base 9, what is 5 + 10?
15
In base 6, what is -2 - -413?
411
In base 12, what is 23b + 16?
255
In base 9, what is 47 + -48?
-1
In base 8, what is -111 + 106?
-3
In base 3, what is -10 - -10221?
10211
In base 6, what is 0 - -1?
1
In base 12, what is -379 - 39?
-3b6
In base 15, what is -1343 + 1?
-1342
In base 9, what is -5 - 2?
-7
In base 5, what is 0 + -212?
-212
In base 3, what is 201 + 2201?
10102
In base 3, what is 212002 - -12?
212021
In base 12, what is -271 + 1?
-270
In base 3, what is 20110 - 1?
20102
In base 10, what is 2 + -161?
-159
In base 2, what is 101011 + 101?
110000
In base 5, what is 23040 + 21?
23111
In base 8, what is -753 + -22?
-775
In base 14, what is 6 + -69?
-63
In base 9, what is 365 - 0?
365
In base 11, what is -8a59 + -4?
-8a62
In base 15, what is -d - e?
-1c
In base 11, what is -103 - 37?
-13a
In base 7, what is -11246 - 2?
-11251
In base 11, what is 2 - -30a?
311
In base 5, what is -10 - 1314?
-1324
In base 9, what is 4235 + -3?
4232
In base 10, what is 195 + -8?
187
In base 2, what is -100011111 + -100?
-100100011
In base 16, what is -4f0 + 0?
-4f0
In base 4, what is -20 - 30?
-110
In base 11, what is 0 - 29